{"id":27,"date":"2023-11-22T08:34:02","date_gmt":"2023-11-22T07:34:02","guid":{"rendered":"https:\/\/bcnkera.dms3labs.cat\/?page_id=27"},"modified":"2024-03-14T13:41:40","modified_gmt":"2024-03-14T12:41:40","slug":"contacta-amb-bcn-3d-ceramics","status":"publish","type":"page","link":"https:\/\/www.bcn3dceramics.com\/ca\/contacta-amb-bcn-3d-ceramics\/","title":{"rendered":"Contacta amb BCN 3D CERAMICS"},"content":{"rendered":"<p>[et_pb_section fb_built=&#8221;1&#8243; _builder_version=&#8221;4.23.1&#8243; _module_preset=&#8221;default&#8221; background_color=&#8221;#D7D8DE&#8221; global_colors_info=&#8221;{}&#8221;][et_pb_row module_class=&#8221;row-h1&#8243; _builder_version=&#8221;4.23.1&#8243; _module_preset=&#8221;default&#8221; custom_padding=&#8221;0px||0px||false|false&#8221; global_colors_info=&#8221;{}&#8221;][et_pb_column type=&#8221;4_4&#8243; _builder_version=&#8221;4.23.1&#8243; _module_preset=&#8221;default&#8221; global_colors_info=&#8221;{}&#8221;][et_pb_text module_class=&#8221;text-h1-header&#8221; _builder_version=&#8221;4.23.1&#8243; _module_preset=&#8221;default&#8221; global_colors_info=&#8221;{}&#8221;]<\/p>\n<p>B3DC<\/p>\n<h1>Contacta amb el taller de car\u00e0mica de Barcelona<\/h1>\n<p>[\/et_pb_text][\/et_pb_column][\/et_pb_row][\/et_pb_section][et_pb_section fb_built=&#8221;1&#8243; _builder_version=&#8221;4.23.1&#8243; _module_preset=&#8221;default&#8221; background_enable_color=&#8221;off&#8221; global_colors_info=&#8221;{}&#8221;][et_pb_row column_structure=&#8221;1_2,1_2&#8243; module_class=&#8221;seccio-contacte&#8221; _builder_version=&#8221;4.23.1&#8243; _module_preset=&#8221;default&#8221; global_colors_info=&#8221;{}&#8221;][et_pb_column type=&#8221;1_2&#8243; _builder_version=&#8221;4.23.1&#8243; _module_preset=&#8221;default&#8221; global_colors_info=&#8221;{}&#8221;][et_pb_text _builder_version=&#8221;4.23.1&#8243; _module_preset=&#8221;default&#8221; global_colors_info=&#8221;{}&#8221;]<\/p>\n<p>Estarem encantades de respondre a totes les teves preguntes i comentaris sobre les nostres tecnologies, materials i acabats.<\/p>\n<p>[\/et_pb_text][et_pb_blurb use_icon=&#8221;on&#8221; font_icon=&#8221;&#xf879;||fa||900&#8243; icon_placement=&#8221;left&#8221; _builder_version=&#8221;4.23.1&#8243; _module_preset=&#8221;default&#8221; global_colors_info=&#8221;{}&#8221;]Taller: <a href=\"tel:+34931312029\">+34 93 131 20 29<\/a><br \/>\nProjectes: <a href=\"tel:+34667750473\">+34 667 750 473<\/a>[\/et_pb_blurb][et_pb_blurb use_icon=&#8221;on&#8221; font_icon=&#8221;&#xf041;||fa||900&#8243; icon_placement=&#8221;left&#8221; _builder_version=&#8221;4.23.1&#8243; _module_preset=&#8221;default&#8221; global_colors_info=&#8221;{}&#8221;]<\/p>\n<p>Cam\u00ed de llitr\u00e0 20, Guardiola de Font-rub\u00ed 08736, Barcelona (ESP)<\/p>\n<p>[\/et_pb_blurb][et_pb_text _builder_version=&#8221;4.23.1&#8243; _module_preset=&#8221;default&#8221; global_colors_info=&#8221;{}&#8221;]<iframe src=\"https:\/\/maps.googleapis.com\/maps\/embed?pb=!1m18!1m12!1m3!1d25058.72354592314!2d1.6595934576900526!3d41.38868601727994!2m3!1f0!2f0!3f0!3m2!1i1024!2i768!4f13.1!3m3!1m2!1s0x12a47a83d42a6f1d%3A0xcf6f3574e3b127ac!2zQ2Ftw60gZGUgTGxpdHLDoCwgMjAsIDA4NzM2IEZvbnQtcnViw60sIEJhcmNlbG9uYQ!5e0!3m2!1ses!2ses!4v1704973919698!5m2!1ses!2ses\" width=\"600\" height=\"450\" style=\"border: 0;\" allowfullscreen=\"\" loading=\"lazy\" referrerpolicy=\"no-referrer-when-downgrade\"><\/iframe>[\/et_pb_text][\/et_pb_column][et_pb_column type=&#8221;1_2&#8243; _builder_version=&#8221;4.23.1&#8243; _module_preset=&#8221;default&#8221; global_colors_info=&#8221;{}&#8221;][et_pb_text _builder_version=&#8221;4.23.1&#8243; _module_preset=&#8221;default&#8221; global_colors_info=&#8221;{}&#8221;]<\/p>\n<p>Pots fer-nos arribar qualsevol <strong>consulta<\/strong> o <strong>dubte<\/strong> a trav\u00e9s del seg\u00fcent formulari:<\/p>\n<p>[\/et_pb_text][dipi_gravity_forms_styler gf_form_id=&#8221;1&#8243; form_title=&#8221;hide&#8221; form_desc=&#8221;hide&#8221; use_ajax=&#8221;on&#8221; _builder_version=&#8221;4.23.1&#8243; _module_preset=&#8221;default&#8221; global_colors_info=&#8221;{}&#8221;][\/dipi_gravity_forms_styler][\/et_pb_column][\/et_pb_row][\/et_pb_section]<\/p>\n","protected":false},"excerpt":{"rendered":"<p>B3DC Contacta amb el taller de car\u00e0mica de BarcelonaEstarem encantades de respondre a totes les teves preguntes i comentaris sobre les nostres tecnologies, materials i acabats.Taller: +34 93 131 20 29 Projectes: +34 667 750 473Cam\u00ed de llitr\u00e0 20, Guardiola de Font-rub\u00ed 08736, Barcelona (ESP)Pots fer-nos arribar qualsevol consulta o dubte a trav\u00e9s del seg\u00fcent [&hellip;]<\/p>\n","protected":false},"author":1,"featured_media":0,"parent":0,"menu_order":0,"comment_status":"closed","ping_status":"closed","template":"","meta":{"_acf_changed":false,"_et_pb_use_builder":"on","_et_pb_old_content":"<!-- wp:divi\/placeholder \/-->","_et_gb_content_width":"","footnotes":""},"dipi_cpt_category":[],"class_list":["post-27","page","type-page","status-publish","hentry"],"acf":[],"_links":{"self":[{"href":"https:\/\/www.bcn3dceramics.com\/ca\/wp-json\/wp\/v2\/pages\/27","targetHints":{"allow":["GET"]}}],"collection":[{"href":"https:\/\/www.bcn3dceramics.com\/ca\/wp-json\/wp\/v2\/pages"}],"about":[{"href":"https:\/\/www.bcn3dceramics.com\/ca\/wp-json\/wp\/v2\/types\/page"}],"author":[{"embeddable":true,"href":"https:\/\/www.bcn3dceramics.com\/ca\/wp-json\/wp\/v2\/users\/1"}],"replies":[{"embeddable":true,"href":"https:\/\/www.bcn3dceramics.com\/ca\/wp-json\/wp\/v2\/comments?post=27"}],"version-history":[{"count":10,"href":"https:\/\/www.bcn3dceramics.com\/ca\/wp-json\/wp\/v2\/pages\/27\/revisions"}],"predecessor-version":[{"id":2570,"href":"https:\/\/www.bcn3dceramics.com\/ca\/wp-json\/wp\/v2\/pages\/27\/revisions\/2570"}],"wp:attachment":[{"href":"https:\/\/www.bcn3dceramics.com\/ca\/wp-json\/wp\/v2\/media?parent=27"}],"wp:term":[{"taxonomy":"dipi_cpt_category","embeddable":true,"href":"https:\/\/www.bcn3dceramics.com\/ca\/wp-json\/wp\/v2\/dipi_cpt_category?post=27"}],"curies":[{"name":"wp","href":"https:\/\/api.w.org\/{rel}","templated":true}]}}

<p>[et_pb_section fb_built=&#8221;1&#8243; _builder_version=&#8221;4.23.1&#8243; _module_preset=&#8221;default&#8221; background_color=&#8221;#D7D8DE&#8221; global_colors_info=&#8221;{}&#8221;][et_pb_row module_class=&#8221;row-h1&#8243; _builder_version=&#8221;4.23.1&#8243; _module_preset=&#8221;default&#8221; custom_padding=&#8221;0px||0px||false|false&#8221; global_colors_info=&#8221;{}&#8221;][et_pb_column type=&#8221;4_4&#8243; _builder_version=&#8221;4.23.1&#8243; _module_preset=&#8221;default&#8221; global_colors_info=&#8221;{}&#8221;][et_pb_text module_class=&#8221;text-h1-header&#8221; _builder_version=&#8221;4.23.1&#8243; _module_preset=&#8221;default&#8221; global_colors_info=&#8221;{}&#8221;]</p>
<p>B3DC</p>
<h1>Contacta amb el taller de caràmica de Barcelona</h1>
<p>[/et_pb_text][/et_pb_column][/et_pb_row][/et_pb_section][et_pb_section fb_built=&#8221;1&#8243; _builder_version=&#8221;4.23.1&#8243; _module_preset=&#8221;default&#8221; background_enable_color=&#8221;off&#8221; global_colors_info=&#8221;{}&#8221;][et_pb_row column_structure=&#8221;1_2,1_2&#8243; module_class=&#8221;seccio-contacte&#8221; _builder_version=&#8221;4.23.1&#8243; _module_preset=&#8221;default&#8221; global_colors_info=&#8221;{}&#8221;][et_pb_column type=&#8221;1_2&#8243; _builder_version=&#8221;4.23.1&#8243; _module_preset=&#8221;default&#8221; global_colors_info=&#8221;{}&#8221;][et_pb_text _builder_version=&#8221;4.23.1&#8243; _module_preset=&#8221;default&#8221; global_colors_info=&#8221;{}&#8221;]</p>
<p>Estarem encantades de respondre a totes les teves preguntes i comentaris sobre les nostres tecnologies, materials i acabats.</p>
<p>[/et_pb_text][et_pb_blurb use_icon=&#8221;on&#8221; font_icon=&#8221;&#xf879;||fa||900&#8243; icon_placement=&#8221;left&#8221; _builder_version=&#8221;4.23.1&#8243; _module_preset=&#8221;default&#8221; global_colors_info=&#8221;{}&#8221;]Taller: <a href="tel:+34931312029">+34 93 131 20 29</a><br />
Projectes: <a href="tel:+34667750473">+34 667 750 473</a>[/et_pb_blurb][et_pb_blurb use_icon=&#8221;on&#8221; font_icon=&#8221;&#xf041;||fa||900&#8243; icon_placement=&#8221;left&#8221; _builder_version=&#8221;4.23.1&#8243; _module_preset=&#8221;default&#8221; global_colors_info=&#8221;{}&#8221;]</p>
<p>Camí de llitrà 20, Guardiola de Font-rubí 08736, Barcelona (ESP)</p>
<p>[/et_pb_blurb][et_pb_text _builder_version=&#8221;4.23.1&#8243; _module_preset=&#8221;default&#8221; global_colors_info=&#8221;{}&#8221;]<iframe src="https://maps.googleapis.com/maps/embed?pb=!1m18!1m12!1m3!1d25058.72354592314!2d1.6595934576900526!3d41.38868601727994!2m3!1f0!2f0!3f0!3m2!1i1024!2i768!4f13.1!3m3!1m2!1s0x12a47a83d42a6f1d%3A0xcf6f3574e3b127ac!2zQ2Ftw60gZGUgTGxpdHLDoCwgMjAsIDA4NzM2IEZvbnQtcnViw60sIEJhcmNlbG9uYQ!5e0!3m2!1ses!2ses!4v1704973919698!5m2!1ses!2ses" width="600" height="450" style="border: 0;" allowfullscreen="" loading="lazy" referrerpolicy="no-referrer-when-downgrade"></iframe>[/et_pb_text][/et_pb_column][et_pb_column type=&#8221;1_2&#8243; _builder_version=&#8221;4.23.1&#8243; _module_preset=&#8221;default&#8221; global_colors_info=&#8221;{}&#8221;][et_pb_text _builder_version=&#8221;4.23.1&#8243; _module_preset=&#8221;default&#8221; global_colors_info=&#8221;{}&#8221;]</p>
<p>Pots fer-nos arribar qualsevol <strong>consulta</strong> o <strong>dubte</strong> a través del següent formulari:</p>
<p>[/et_pb_text][dipi_gravity_forms_styler gf_form_id=&#8221;1&#8243; form_title=&#8221;hide&#8221; form_desc=&#8221;hide&#8221; use_ajax=&#8221;on&#8221; _builder_version=&#8221;4.23.1&#8243; _module_preset=&#8221;default&#8221; global_colors_info=&#8221;{}&#8221;][/dipi_gravity_forms_styler][/et_pb_column][/et_pb_row][/et_pb_section]</p>

<p>B3DC Contacta amb el taller de caràmica de BarcelonaEstarem encantades de respondre a totes les teves preguntes i comentaris sobre les nostres tecnologies, materials i acabats.Taller: +34 93 131 20 29 Projectes: +34 667 750 473Camí de llitrà 20, Guardiola de Font-rubí 08736, Barcelona (ESP)Pots fer-nos arribar qualsevol consulta o dubte a través del següent [&hellip;]</p>
